actors of u?
3, 29
Let a(n) = n**3 + n**2 + 5*n - 17. Let i be a(5). What are the prime factors of (i - (0 + -2)) + (-30)/(-6)?
3, 5, 11
Let f(z) = -47*z + 29. Suppose 66 = -6*a - 12. Let b be f(a). Suppose 6*y - 380 - b = 0. List the prime factors of y.
2, 5, 17
Let o = 50 + -46. Let t(l) = l**3 + 3*l**2 - 5*l + 2. Let x be t(o). Let y = x + -18. What are the prime factors of y?
2, 19
Let q = 237 + 31668. What are the prime factors of q?
3, 5, 709
Let j(u) = -2*u + 50. Let x be j(22). Suppose x*c - 5178 + 864 = 0. List the prime factors of c.
719
Suppose q + 416 = 9*q. Let x = q - -3. Suppose l - x = -4*l. List the prime factors of l.
11
Suppose -6*i - 3*i - 1755 = 0. Let z = i - -289. List the prime factors of z.
2, 47
Suppose -5805 = 6*t + 2583. What are the prime factors of 15/(-6) - t/4?
347
Let a(n) = -n**2 + n + 2. Let p be a(2). Suppose -4*g = -t + 383, -3*g + p*g = -4*t + 297. Let v = g - -113. List the prime factors of v.
2, 3
Let o = -22146 + 41251. What are the prime factors of o?
5, 3821
Let l(x) = -x**3 - 1. Let a be l(-2). Suppose -3*s = -a*s + 4*p - 4, 0 = 2*s + 4*p - 4. Suppose 2*h = s, 5*k + 3*h - 8 = k. List the prime factors of k.
2
Suppose -3*q = -188 + 191. What are the prime factors of -2 + -1 - (q + -262)?
2, 5, 13
Let f(s) = -5 - 5*s**3 + 18*s + 10*s - s**2 - 25*s. List the prime factors of f(-4).
7, 41
Let n be 4*(18/(-12))/((-3)/8). Suppose -4*z + n = 44. Let m(j) = -21*j + 13. What are the prime factors of m(z)?
2, 5
Let o(q) = 204*q**2 - 63*q - 1. Let d be o(7). Suppose 27*b = 10*b + d. List the prime factors of b.
2, 281
Let k(p) = 23*p - 21. Let o be k(8). Suppose -24 = -11*n + o. Let c(h) = h**3 - 18*h**2 + 19*h + 35. List the prime factors of c(n).
3, 23
Let c = -184 + 220. Suppose -2*w + 0*w + c = 2*n, 110 = 5*w + n. What are the prime factors of w?
23
Let z be 30*16/40 + -6. Suppose -4*v = -3*o + 3319, 4*o - z*o + 3*v = -2212. What are the prime factors of o?
1109
Let y(t) = -191*t - 115. Suppose 7*s - 320 = -341. What are the prime factors of y(s)?
2, 229
Let b(t) = -t**2 + 3*t - 10. Let n be b(2). Let w be -343 + 2 - 2/(-1). What are the prime factors of (-2)/n*1 + w/(-4)?
5, 17
Let v(l) = l**3 - 9*l**2 - 21*l - 3. Let a be v(11). List the prime factors of -135*((-560)/25)/a.
2, 3, 7
Suppose 202*n - 203*n - 32553 = -r, -2*n + 4 = 0. List the prime factors of r.
5, 17, 383
Suppose 0 = -115*y + 156819 + 395181. What are the prime factors of y?
2, 3, 5
Let o = 56837 - 26569. Suppose -o = -23*w - 24*w. What are the prime factors of w?
2, 7, 23
What are the prime factors of (6 - (-117)/(-21))*38283?
3, 1823
Let x(d) = -d**3 + 74*d**2 + 39*d - 396. List the prime factors of x(73).
2, 5, 389
Suppose -30514 + 333286 + 1878318 = 87*m. What are the prime factors of m?
2, 5, 23, 109
Let u(k) = 932*k + 1. Let a(s) = -233*s. Let y(n) = -9*a(n) - 2*u(n). Let x be y(1). Suppose -x - 729 = -6*h. List the prime factors of h.
2, 5
Let t(s) = -103*s - 138. Let r be t(-28). Suppose r = 3*n + 718. List the prime factors of n.
2, 13
Let k be 35/(2/3 + 3/9). Suppose k*h - 3528 = 29*h. Suppose -21*v = -14*v - h. What are the prime factors of v?
2, 3, 7
Let a(m) = 374*m**2 + 121*m + 336. What are the prime factors of a(-3)?
3, 7, 53
List the prime factors of 2 + 112049/4 - (-21 - 1848/(-96)).
2, 17, 103
Suppose -4809 = -2*a + 11523. Suppose 44*h - 50*h = -a. What are the prime factors of h?
1361
Let b(y) = -62*y. Let q(d) = d**2 - 125*d + 2. Let m(j) = -9*b(j) + 4*q(j). What are the prime factors of m(-25)?
2, 23
What are the prime factors of (-4)/14 - ((-543554)/14 - (-14)/1)?
3, 17, 761
Suppose -2*y - y = 0. Suppose -k = -8 - y. Let o(u) = u**3 - 7*u**2 + 7*u - 12. List the prime factors of o(k).
2, 3
Suppose 14*t = 9*t - 20, -4*f - t = -16. Suppose -3*u - f*k + 1235 = -k, -812 = -2*u + 3*k. What are the prime factors of u?
409
Suppose 30*s - 25*s = 2410. Let z = s - 305. List the prime factors of z.
3, 59
Let u = -125 + 134. Suppose 511 = u*c - 425. List the prime factors of c.
2, 13
Suppose 0 = k - 5*f - 30, 4*f - 38 = 4*k - 158. Suppose k*i - 5480 = 10210. List the prime factors of i.
523
Suppose -w = -2, 2*v + 2*w - 5*w = 0. Let x(a) = 57*a**3 - 4*a**2 + a - 2. List the prime factors of x(v).
2, 47
Suppose -3*o = 2*z - 3*z - 1700, -4*o + 2280 = 2*z. Suppose -11*g = -3*g - o. Let p = -42 + g. What are the prime factors of p?
29
Suppose -a - 40 = a. Let q(k) = -16 + 3*k**2 - k**2 + 7*k**2 + k**3 + 4*k**2 + 19*k + 8*k**2. What are the prime factors of q(a)?
2
Let c be 0/(1*(0 - 1)). Suppose c = -o - 3*w + 135, -2*o - o + 5*w + 419 = 0. Let q = o - 44. What are the prime factors of q?
2, 47
Let t(w) = -2*w**2 - w + 716. Suppose -5 = -4*k + n, -2*n + 20 = k - 6*n. List the prime factors of t(k).
2, 179
Let i = 52324 + -33989. List the prime factors of i.
5, 19, 193
Let d(h) = 2*h**2 - 100*h + 197. Let i be d(48). Let z(t) be the second derivative of t**4/3 - 9*t**2/2 + t. List the prime factors of z(i).
7, 13
Let w = 1563 - -2934. List the prime factors of w.
3, 1499
Let q be (1*-5 - (-160)/20) + 2255. Suppose -8618 = -8*u - q. List the prime factors of u.
3, 5, 53
Let n(c) = 16 - 61676*c + 7 + 61667*c. List the prime factors of n(-20).
7, 29
Let r(n) = 179*n**3 - 8*n**2 + 7*n + 18. What are the prime factors of r(3)?
2, 3, 5
Let l be 12/2*(-84)/18. Let j be -13 + -1 - (-21)/l*-4. Let v(a) = 2*a**3 + 22*a**2 - 9*a + 14. List the prime factors of v(j).
113
Let u(d) be the second derivative of d**5/20 + d**4/4 - 6*d**3 - 6*d**2 + 12*d - 1. List the prime factors of u(6).
2, 3
Suppose 4*c + 3*s = -s + 368, 3*s = -2*c + 179. Suppose 245 = 33*q - 38*q. Let r = c + q. What are the prime factors of r?
2, 3
Let i = -17 + 20. Let w(u) = 2*u**3 - 8*u**2 + 2*u - 9. Let k(g) = -g**3 - g**2 - g - 1. Let c(j) = i*k(j) + w(j). List the prime factors of c(-12).
2, 3
Suppose 42221 = 4*w + 2*b - 9411, 116133 = 9*w - 2*b. List the prime factors of w.
5, 29, 89
Let n(m) = -m**2 + 22*m + 19. Let u be n(13). Suppose -b - 4*q - q = -u, 0 = 3*b - 4*q - 351. Let j = 295 - b. What are the prime factors of j?
2, 3, 29
Suppose 22115 = -46*b - 10508 + 184101. What are the prime factors of b?
37, 89
Let s be (0/(-67))/(-1*3). Let d(i) = -i - 4. Let b be d(-4). Suppose b = 4*h - s*h - 360. What are the prime factors of h?
2, 3, 5
List the prime factors of (10373 + -4 + 18)/1.
13, 17, 47
Let m(d) = -2*d**2 - d. Let n(j) = -2*j**2 - 11*j - 2. Let l(y) = -m(y) - n(y). List the prime factors of l(7).
2, 3, 47
Let r = 761 + -916. Let l = 478 - r. List the prime factors of l.
3, 211
Let r be -916*((-11)/2 + 120/24). Suppose 2*o + 3*q = o + 231, -2*o + r = 2*q. List the prime factors of o.
2, 3, 19
Let v(d) = -2*d**3 - 4*d**2 - 3*d - 2. Let g be v(-2). Suppose -1511 = -5*o - h, g*o - 2*h - 1204 = 2*h. List the prime factors of o.
2, 151
Suppose -3*w - 204 = 2*w + l, 3*l = 4*w + 148. Let r = w + 44. Suppose -2*u + 3*m + 143 = -0*u, -r*u = -3*m - 283. What are the prime factors of u?
2, 5, 7
Let u = -145 - -144. What are the prime factors of -2*(-5)/(-10) + 154 + u?
2, 19
Let k(j) = 42*j**3 + 28*j**2 + 104*j - 1425. List the prime factors of k(12).
3, 73, 349
Let u be (5 + (-6)/30)/(4/10). Suppose 0 = u*i - 2277 - 267. List the prime factors of i.
2, 53
Suppose 39780 = 6505*p - 6493*p. What are the prime factors of p?
3, 5, 13, 17
Suppose -15*j + 257919 - 42759 = 0. Suppose -23*z + j = -z. What are the prime factors of z?
2, 163
Let u(c) = -545*c - 1573. List the prime factors of u(-9).
2, 7, 17
Suppose -4*o = 5*n - 84803, 5*o - 2*n - 50075 = 55937. What are the prime factors of o?
2, 10601
Let o be (-12*(-24)/180)/((-2)/(-10)). Suppose o*d = 15*d - 4417. List the prime factors of d.
631
Let b = 16817 + -7615. List the prime factors of b.
2, 43, 107
Let o = 15987 + -15349. What are the prime factors of o?
2, 11, 29
Let c(x) = 8*x + 6 + x - 25*x**3 + 3 + 5 - 2*x**2. List the prime factors of c(-3).
2, 7, 23
Suppose 3*i + 6 - 18 = 0. Suppose -5*z + 0*p + 391 = 4*p, i*z - 312 = -3*p. What are the prime factors of z?
3, 5
Let a(q) = 0*q**3 + 25*q**2 - 24*q**2 - q + 3 - q**3 + 2*q**3. Let t be a(0). Suppose -4*f + 9*f = 2*n - 130, -t*f = 4*n - 312. What are the prime factors of n?
3, 5
Let k = 279 - 287. What are the prime factors of (k - -4)*411/(-6)?
2, 137
Suppose 2 